{"id":4556,"date":"2015-08-18T02:01:59","date_gmt":"2015-08-18T00:01:59","guid":{"rendered":"http:\/\/www.einhornev.de\/cms\/?page_id=4556"},"modified":"2015-08-18T02:51:00","modified_gmt":"2015-08-18T00:51:00","slug":"katzenhaus","status":"publish","type":"page","link":"https:\/\/www.einhornev.de\/cms\/home\/tierherberge\/katzenhaus\/","title":{"rendered":"Katzenhaus"},"content":{"rendered":"<p>Das gro\u00dfe <strong>Katzenhaus<\/strong> besteht aus 4 Zimmern und dazugeh\u00f6rigen, f\u00fcr die Katzen immer zug\u00e4nglichen, Au\u00dfenbereichen. Die Au\u00dfenbereiche k\u00f6nnen getrennt oder auch als ganzes, gro\u00dfes Katzenparadies genutzt werden \u2013 je nachdem, wie harmonisch die Gruppe ist. Die Au\u00dfenbereiche sind unter dem \u00fcberdachten Teil mit Kratzb\u00e4umen, H\u00f6hlen u.\u00e4. ausgestattet. Daneben steht den Katzen auch eine Rasenfl\u00e4che zur Verf\u00fcgung, die sehr gerne genutzt wird. Vor allem an hei\u00dfen Sommertagen liegen die Katzen gerne im Schatten unter den B\u00fcschen.<\/p>\n<p><a href=\"http:\/\/www.einhornev.de\/cms\/wp-content\/uploads\/2015\/06\/katzenhaus.jpg\"><img loading=\"lazy\" decoding=\"async\" class=\"alignnone  wp-image-4483\" src=\"http:\/\/www.einhornev.de\/cms\/wp-content\/uploads\/2015\/06\/katzenhaus-300x225.jpg\" alt=\"herberge (3)\" width=\"204\" height=\"152\" srcset=\"https:\/\/www.einhornev.de\/cms\/wp-content\/uploads\/2015\/06\/katzenhaus-300x225.jpg 300w, https:\/\/www.einhornev.de\/cms\/wp-content\/uploads\/2015\/06\/katzenhaus.jpg 800w\" sizes=\"auto, (max-width: 204px) 100vw, 204px\" \/> <\/a><a href=\"http:\/\/www.einhornev.de\/cms\/wp-content\/uploads\/2015\/06\/katzenkino-7.jpg\"><img loading=\"lazy\" decoding=\"async\" class=\"alignnone  wp-image-4485\" src=\"http:\/\/www.einhornev.de\/cms\/wp-content\/uploads\/2015\/06\/katzenkino-7-300x225.jpg\" alt=\"katzenkino (7)\" width=\"203\" height=\"152\" srcset=\"https:\/\/www.einhornev.de\/cms\/wp-content\/uploads\/2015\/06\/katzenkino-7-300x225.jpg 300w, https:\/\/www.einhornev.de\/cms\/wp-content\/uploads\/2015\/06\/katzenkino-7-1024x768.jpg 1024w, https:\/\/www.einhornev.de\/cms\/wp-content\/uploads\/2015\/06\/katzenkino-7.jpg 1200w\" sizes=\"auto, (max-width: 203px) 100vw, 203px\" \/> <\/a><a href=\"http:\/\/www.einhornev.de\/cms\/wp-content\/uploads\/2015\/06\/katzenhaus-2.jpg\"><img loading=\"lazy\" decoding=\"async\" class=\"alignnone  wp-image-4484\" src=\"http:\/\/www.einhornev.de\/cms\/wp-content\/uploads\/2015\/06\/katzenhaus-2-300x225.jpg\" alt=\"katzenhaus\" width=\"204\" height=\"153\" srcset=\"https:\/\/www.einhornev.de\/cms\/wp-content\/uploads\/2015\/06\/katzenhaus-2-300x225.jpg 300w, https:\/\/www.einhornev.de\/cms\/wp-content\/uploads\/2015\/06\/katzenhaus-2.jpg 800w\" sizes=\"auto, (max-width: 204px) 100vw, 204px\" \/><\/a><\/p>\n","protected":false},"excerpt":{"rendered":"<p>Das gro\u00dfe Katzenhaus besteht aus 4 Zimmern und dazugeh\u00f6rigen, f\u00fcr die Katzen immer zug\u00e4nglichen, Au\u00dfenbereichen. Die Au\u00dfenbereiche k\u00f6nnen getrennt oder auch als ganzes, gro\u00dfes Katzenparadies genutzt werden \u2013 je nachdem, wie harmonisch die Gruppe ist. Die Au\u00dfenbereiche sind unter dem \u00fcberdachten Teil mit Kratzb\u00e4umen, H\u00f6hlen u.\u00e4. ausgestattet. Daneben steht den Katzen auch eine Rasenfl\u00e4che zur &hellip;<\/p>\n","protected":false},"author":1,"featured_media":0,"parent":1922,"menu_order":0,"comment_status":"open","ping_status":"open","template":"","meta":{"_acf_changed":false,"_bbp_topic_count":0,"_bbp_reply_count":0,"_bbp_total_topic_count":0,"_bbp_total_reply_count":0,"_bbp_voice_count":0,"_bbp_anonymous_reply_count":0,"_bbp_topic_count_hidden":0,"_bbp_reply_count_hidden":0,"_bbp_forum_subforum_count":0,"footnotes":""},"class_list":["post-4556","page","type-page","status-publish",""],"acf":[],"_links":{"self":[{"href":"https:\/\/www.einhornev.de\/cms\/wp-json\/wp\/v2\/pages\/4556","targetHints":{"allow":["GET"]}}],"collection":[{"href":"https:\/\/www.einhornev.de\/cms\/wp-json\/wp\/v2\/pages"}],"about":[{"href":"https:\/\/www.einhornev.de\/cms\/wp-json\/wp\/v2\/types\/page"}],"author":[{"embeddable":true,"href":"https:\/\/www.einhornev.de\/cms\/wp-json\/wp\/v2\/users\/1"}],"replies":[{"embeddable":true,"href":"https:\/\/www.einhornev.de\/cms\/wp-json\/wp\/v2\/comments?post=4556"}],"version-history":[{"count":0,"href":"https:\/\/www.einhornev.de\/cms\/wp-json\/wp\/v2\/pages\/4556\/revisions"}],"up":[{"embeddable":true,"href":"https:\/\/www.einhornev.de\/cms\/wp-json\/wp\/v2\/pages\/1922"}],"wp:attachment":[{"href":"https:\/\/www.einhornev.de\/cms\/wp-json\/wp\/v2\/media?parent=4556"}],"curies":[{"name":"wp","href":"https:\/\/api.w.org\/{rel}","templated":true}]}}