{"id":4554,"date":"2015-08-18T02:00:50","date_gmt":"2015-08-18T00:00:50","guid":{"rendered":"http:\/\/www.einhornev.de\/cms\/?page_id=4554"},"modified":"2015-08-18T02:34:32","modified_gmt":"2015-08-18T00:34:32","slug":"katzenwohnung","status":"publish","type":"page","link":"https:\/\/www.einhornev.de\/cms\/home\/tierherberge\/katzenwohnung\/","title":{"rendered":"Katzenwohnung"},"content":{"rendered":"<p>In der <strong>Katzenwohnung<\/strong>, die 4 Zimmer besitzt, wachsen die allj\u00e4hrlichen Katzenbabies auf. Dort werden u.a. auch Katzen, die besondere Aufmerksamkeit brauchen, untergebracht. Das sind z.B. die stille Sanne, die nicht essen mochte, die blinde, taube Wilma und der gehbehinderte Micki, der dank Therapie so weit ist, dass er nun ins gro\u00dfe Katzenhaus umziehen kann. Auch scheue Katzen lernen in der Wohnung, dass Menschen doch gar nicht mal so \u00fcbel sind. Bestes Beispiel daf\u00fcr ist Mandy, eine schwarze Katze, die wortw\u00f6rtlich vor Angst die W\u00e4nde hochging, als sie zu uns kam und mittlerweile sogar von sich aus Menschenkontakt sucht und schmusen m\u00f6chte.<\/p>\n<p>Momentan zieht z.B. die halbwilde Teenie-Mutter Murka ihre beiden Kitten in unserer Katzenwohnung auf.\u00a0 Gl\u00fccklicherweise l\u00e4sst sie uns an ihre Babies heran und die beiden Kleinen sind schon sehr viel mutiger, als ihre misstrauische Mutter. Murka ist eine ausgeprochene \u201eM\u00e4nnerkatze\u201c, taut so langsam aber auch bei Frauen auf.<\/p>\n<p><a href=\"http:\/\/www.einhornev.de\/cms\/wp-content\/uploads\/2015\/06\/p1200560.jpg\"><img loading=\"lazy\" decoding=\"async\" class=\"alignnone  wp-image-4512\" src=\"http:\/\/www.einhornev.de\/cms\/wp-content\/uploads\/2015\/06\/p1200560-300x225.jpg\" alt=\"P1200560\" width=\"204\" height=\"153\" srcset=\"https:\/\/www.einhornev.de\/cms\/wp-content\/uploads\/2015\/06\/p1200560-300x225.jpg 300w, https:\/\/www.einhornev.de\/cms\/wp-content\/uploads\/2015\/06\/p1200560.jpg 800w\" sizes=\"auto, (max-width: 204px) 100vw, 204px\" \/><\/a> <a href=\"http:\/\/www.einhornev.de\/cms\/wp-content\/uploads\/2015\/06\/p1190214.jpg\"><img loading=\"lazy\" decoding=\"async\" class=\"alignnone  wp-image-4493\" src=\"http:\/\/www.einhornev.de\/cms\/wp-content\/uploads\/2015\/06\/p1190214-300x225.jpg\" alt=\"P1190214\" width=\"204\" height=\"153\" srcset=\"https:\/\/www.einhornev.de\/cms\/wp-content\/uploads\/2015\/06\/p1190214-300x225.jpg 300w, https:\/\/www.einhornev.de\/cms\/wp-content\/uploads\/2015\/06\/p1190214-1024x768.jpg 1024w, https:\/\/www.einhornev.de\/cms\/wp-content\/uploads\/2015\/06\/p1190214.jpg 1200w\" sizes=\"auto, (max-width: 204px) 100vw, 204px\" \/><\/a><a href=\"http:\/\/www.einhornev.de\/cms\/wp-content\/uploads\/2015\/06\/p1200561.jpg\"> <img loading=\"lazy\" decoding=\"async\" class=\"alignnone  wp-image-4513\" src=\"http:\/\/www.einhornev.de\/cms\/wp-content\/uploads\/2015\/06\/p1200561-300x225.jpg\" alt=\"P1200561\" width=\"204\" height=\"153\" srcset=\"https:\/\/www.einhornev.de\/cms\/wp-content\/uploads\/2015\/06\/p1200561-300x225.jpg 300w, https:\/\/www.einhornev.de\/cms\/wp-content\/uploads\/2015\/06\/p1200561.jpg 800w\" sizes=\"auto, (max-width: 204px) 100vw, 204px\" \/><\/a><\/p>\n","protected":false},"excerpt":{"rendered":"<p>In der Katzenwohnung, die 4 Zimmer besitzt, wachsen die allj\u00e4hrlichen Katzenbabies auf. Dort werden u.a. auch Katzen, die besondere Aufmerksamkeit brauchen, untergebracht. Das sind z.B. die stille Sanne, die nicht essen mochte, die blinde, taube Wilma und der gehbehinderte Micki, der dank Therapie so weit ist, dass er nun ins gro\u00dfe Katzenhaus umziehen kann. Auch &hellip;<\/p>\n","protected":false},"author":1,"featured_media":0,"parent":1922,"menu_order":0,"comment_status":"open","ping_status":"open","template":"","meta":{"_acf_changed":false,"_bbp_topic_count":0,"_bbp_reply_count":0,"_bbp_total_topic_count":0,"_bbp_total_reply_count":0,"_bbp_voice_count":0,"_bbp_anonymous_reply_count":0,"_bbp_topic_count_hidden":0,"_bbp_reply_count_hidden":0,"_bbp_forum_subforum_count":0,"footnotes":""},"class_list":["post-4554","page","type-page","status-publish",""],"acf":[],"_links":{"self":[{"href":"https:\/\/www.einhornev.de\/cms\/wp-json\/wp\/v2\/pages\/4554","targetHints":{"allow":["GET"]}}],"collection":[{"href":"https:\/\/www.einhornev.de\/cms\/wp-json\/wp\/v2\/pages"}],"about":[{"href":"https:\/\/www.einhornev.de\/cms\/wp-json\/wp\/v2\/types\/page"}],"author":[{"embeddable":true,"href":"https:\/\/www.einhornev.de\/cms\/wp-json\/wp\/v2\/users\/1"}],"replies":[{"embeddable":true,"href":"https:\/\/www.einhornev.de\/cms\/wp-json\/wp\/v2\/comments?post=4554"}],"version-history":[{"count":0,"href":"https:\/\/www.einhornev.de\/cms\/wp-json\/wp\/v2\/pages\/4554\/revisions"}],"up":[{"embeddable":true,"href":"https:\/\/www.einhornev.de\/cms\/wp-json\/wp\/v2\/pages\/1922"}],"wp:attachment":[{"href":"https:\/\/www.einhornev.de\/cms\/wp-json\/wp\/v2\/media?parent=4554"}],"curies":[{"name":"wp","href":"https:\/\/api.w.org\/{rel}","templated":true}]}}