{"id":140,"date":"2015-06-04T12:39:49","date_gmt":"2015-06-04T10:39:49","guid":{"rendered":"http:\/\/www.einhornev.de\/cms\/?page_id=140"},"modified":"2021-11-04T14:56:11","modified_gmt":"2021-11-04T13:56:11","slug":"wir-bedanken-uns-ganz-herzlich","status":"publish","type":"page","link":"https:\/\/www.einhornev.de\/cms\/home\/sponsoren\/wir-bedanken-uns-ganz-herzlich\/","title":{"rendered":"Wir bedanken uns ganz herzlich!"},"content":{"rendered":"<div class=\"su-list\" style=\"margin-left:0px\">\n<ul>\n<li><i class=\"sui sui-heart\" style=\"color:#333\"><\/i> <a href=\"https:\/\/kvgd-stiftung.de\" target=\"_blank\" rel=\"noopener\">Karin von Grumme-Douglas Stiftung<\/a><\/li>\n<li><i class=\"sui sui-heart\" style=\"color:#333\"><\/i> <a href=\"https:\/\/www.fressnapf.de\/stores\/fressnapf-hamburg-bergedorf\/\" target=\"_blank\" rel=\"noopener\">Fressnapf Hamburg-Bergedorf<\/a><\/li>\n<li><i class=\"sui sui-heart\" style=\"color:#333\"><\/i> <a href=\"https:\/\/www.speers-hoffladen.de\" target=\"_blank\" rel=\"noopener\">Speers Hofladen<\/a> (Marschhof GbR), ein Familienbetrieb mit Tradition, der sich auf hochwertiges Tierfutter von eigenen, naturbelassenen Marschwiesen der Oberelbe spezialisiert hat.<\/li>\n<li><i class=\"sui sui-heart\" style=\"color:#333\"><\/i> <a href=\"https:\/\/www.futterhaus.de\/service\/filialen\/lauenburg\/\" target=\"_blank\" rel=\"noopener\">Das Futterhaus Lauenburg<\/a><\/li>\n<li><i class=\"sui sui-heart\" style=\"color:#333\"><\/i> Riesigen Dank an die <a href=\"http:\/\/www.reinbek.de\" target=\"_blank\" rel=\"noopener\">Stadt Reinbek<\/a> f\u00fcr die \u00dcberlassung dieser wundersch\u00f6nen Grundst\u00fccke, auf denen unsere Tierherberge entstehen konnte.<\/li>\n<li><i class=\"sui sui-heart\" style=\"color:#333\"><\/i> Lieben Dank an das <a href=\"http:\/\/www.bielfeldt-berg.de\" target=\"_blank\" rel=\"noopener\">B\u00fcro f\u00fcr Landschaftsplanung Bielfeldt + Berg<\/a>, Hamburg, dem wir die Konzeption f\u00fcr den Bau verdanken. Was w\u00e4ren wir ohne Ihre stetige begleitende Beratung und das &#8222;offene Ohr&#8220; bei jedem Problem?<\/li>\n<li><i class=\"sui sui-heart\" style=\"color:#333\"><\/i> Ohne die Bereitstellung von Ausgleichsma\u00dfnahmen der <a href=\"http:\/\/www.dein-haus.de\" target=\"_blank\" rel=\"noopener\">Gesellschaft f\u00fcr Projektentwicklung &#8211; Dein-Haus<\/a>\u00a0w\u00e4re unser Projekt fast doch noch ins Wasser gefallen. Ganz herzlichen Dank f\u00fcr die spontane Hilfe!<\/li>\n<li><i class=\"sui sui-heart\" style=\"color:#333\"><\/i> Firma Asbahr in 23812 Wahlstedt spendete im Herbst 2006 400 Knickstr\u00e4ucher sowie 5 Obstb\u00e4ume. Auch das Pflanzen f\u00fchrte die Firma kostenlos durch. Lieben Dank &#8211; die Pflanzen haben den Winter prima \u00fcberstanden.<\/li>\n<li><i class=\"sui sui-heart\" style=\"color:#333\"><\/i> Bei der d + k Handelsgesellschaft mbH m\u00f6chten wir uns f\u00fcr Bearbeitung des Bauantrages ganz herzlich bedanken.<\/li>\n<li><i class=\"sui sui-heart\" style=\"color:#333\"><\/i> Vielen, vielen Dank an die <a href=\"http:\/\/www.ids-hh.de\" target=\"_blank\" rel=\"noopener\">Ingenieurpartnerschaft Diercks Schr\u00f6der<\/a>, Hamburg, die die Planung f\u00fcr die Erschlie\u00dfung des Grundst\u00fccks \u00fcbernahm.<\/li>\n<li><i class=\"sui sui-heart\" style=\"color:#333\"><\/i> Ganz herzlich danken wir der Firma <a href=\"http:\/\/www.mb-strassen-und-tiefbau.de\" target=\"_blank\" rel=\"noopener\">M &amp; M Stra\u00dfen- und Tiefbau<\/a>, Barsb\u00fcttel, f\u00fcr die riesigen Mengen an Gehwegplatten (ca. 500qm) und deren Transport bis zur Herberge.<\/li>\n<li><i class=\"sui sui-heart\" style=\"color:#333\"><\/i> Ohne das geduldige und immer freundliche An-Die-Hand-Nehmen sowie den Baucontainer der Firma Rainer Kuhlmann w\u00fcrden wir h\u00e4ufig &#8222;im Regen stehen&#8220;. Lieben Dank!<\/li>\n<li><i class=\"sui sui-heart\" style=\"color:#333\"><\/i> Massen an Holz, tatkr\u00e4ftiger Arbeitseinsatz, Kontakte zu anderen Firmen, Bereitstellung von Werkzeug oder, oder, oder &#8230; riesigen Dank an die <a href=\"http:\/\/www.tischlerei-glinde.de\" target=\"_blank\" rel=\"noopener\">Tischlerei Fischer<\/a>, Glinde.<\/li>\n<li><i class=\"sui sui-heart\" style=\"color:#333\"><\/i> Herzlichen Dank f\u00fcr die vielseitige Unterst\u00fctzung an den <a href=\"http:\/\/www.sacher-glinde.de\" target=\"_blank\" rel=\"noopener\">Glinder Baustoffhandel Sacher<\/a>.<\/li>\n<li><i class=\"sui sui-heart\" style=\"color:#333\"><\/i> &#8230; und nat\u00fcrlich <strong>allen privaten Spendern<\/strong>, die uns im Lauf der Jahre immer wieder mit Futter und Utensilien versorgen!<\/div><\/li>\n<\/ul>\n","protected":false},"excerpt":{"rendered":"","protected":false},"author":1,"featured_media":0,"parent":56,"menu_order":0,"comment_status":"closed","ping_status":"open","template":"","meta":{"_acf_changed":false,"_bbp_topic_count":0,"_bbp_reply_count":0,"_bbp_total_topic_count":0,"_bbp_total_reply_count":0,"_bbp_voice_count":0,"_bbp_anonymous_reply_count":0,"_bbp_topic_count_hidden":0,"_bbp_reply_count_hidden":0,"_bbp_forum_subforum_count":0,"footnotes":""},"class_list":["post-140","page","type-page","status-publish",""],"acf":[],"_links":{"self":[{"href":"https:\/\/www.einhornev.de\/cms\/wp-json\/wp\/v2\/pages\/140","targetHints":{"allow":["GET"]}}],"collection":[{"href":"https:\/\/www.einhornev.de\/cms\/wp-json\/wp\/v2\/pages"}],"about":[{"href":"https:\/\/www.einhornev.de\/cms\/wp-json\/wp\/v2\/types\/page"}],"author":[{"embeddable":true,"href":"https:\/\/www.einhornev.de\/cms\/wp-json\/wp\/v2\/users\/1"}],"replies":[{"embeddable":true,"href":"https:\/\/www.einhornev.de\/cms\/wp-json\/wp\/v2\/comments?post=140"}],"version-history":[{"count":0,"href":"https:\/\/www.einhornev.de\/cms\/wp-json\/wp\/v2\/pages\/140\/revisions"}],"up":[{"embeddable":true,"href":"https:\/\/www.einhornev.de\/cms\/wp-json\/wp\/v2\/pages\/56"}],"wp:attachment":[{"href":"https:\/\/www.einhornev.de\/cms\/wp-json\/wp\/v2\/media?parent=140"}],"curies":[{"name":"wp","href":"https:\/\/api.w.org\/{rel}","templated":true}]}}